 the remainder when 80 is divided by s(-6).
26
Let a be (-4)/1 + (0 - 0). Let j be a/6 - (-760)/15. Suppose -j = -4*h - h. Calculate the remainder when 18 is divided by h.
8
Let a = 21 - 5. What is the remainder when 29 is divided by a?
13
Let r = 222 + -181. What is the remainder when r is divided by 11?
8
Let f be ((-22)/6)/(2/(-6)). Let n(i) = -i**3 + 12*i**2 - 10*i + 16. What is the remainder when n(f) is divided by 10?
7
Let h be -1 + (-2)/6*-3. Suppose h*y + y - 7 = 0. What is the remainder when y is divided by 3?
1
Let n = 26 - -18. Suppose 3*f + 4*x - n = -2*f, -2*f + 12 = 3*x. Suppose -6*w = -15*w + 207. Calculate the remainder when w is divided by f.
11
Let y = 52 - 30. Let s(z) = z**2 + 4*z + 7. Calculate the remainder when y is divided by s(-5).
10
Let d = 3 + -1. Suppose r - 39 = 5*m, d*r + 2*r = m + 80. What is the remainder when r is divided by 10?
9
Let k be 8 - (0 - -2 - 0). Let h = k - 4. Suppose -s - 38 = -h*s. What is the remainder when s is divided by 13?
12
Let s = -22 + 48. Suppose -4*j = -5*q - 329, j + 3*j + 3*q - 289 = 0. Calculate the remainder when j is divided by s.
24
Let t = -49 + 52. What is the remainder when 3 is divided by t?
0
Calculate the remainder when 13 is divided by 29/6 - 8/(-48).
3
Suppose -5*a + 3*s = -154, 5*a - 26 = 5*s + 134. Calculate the remainder when 114 is divided by a.
27
Let o(r) = r**2 + 5*r + 2. Let h = 5 + 0. Suppose 0 = h*i - 8*i + 5*f - 10, -35 = -2*i - 5*f. What is the remainder when i is divided by o(-5)?
1
Suppose 63 = 8*m - 5*m. Calculate the remainder when m is divided by 12.
9
Calculate the remainder when 34 is divided by ((0 + -9)*1)/(-1).
7
Suppose h + 4*t = -h - 10, -t = h + 3. Let d be h/(-2) + 10/4. Suppose 3*j = -d*y + 33, j - 7 = -2*y - 0. Calculate the remainder when j is divided by 4.
3
Let s be 1 - -1 - -9 - -1. Let d = s + 0. Suppose -u - 4*b - d = 0, 3*b - 4 = 3*u - 28. What is the remainder when 7 is divided by u?
3
Suppose 5*q - 12 = q. Let v = 1 + 2. Calculate the remainder when (-1)/(11/4 - q) is divided by v.
1
Let i(q) = q**2 - q - 8. Let n(v) = 6*v**2 + 3. Let t(p) = p**2 - 1. Let x(b) = n(b) + 5*t(b). Calculate the remainder when x(-2) is divided by i(6).
20
Calculate the remainder when 20 is divided by -3 + 15 + 0/(-4).
8
Let b(s) = s**3 + 6*s**2 + 3*s - 1. Let w(d) = -d - 1. Calculate the remainder when b(-4) is divided by w(-8).
5
Let x(c) = -2*c**3 + 12*c**2 + c + 7. What is the remainder when 23 is divided by x(6)?
10
Let p be (20/8)/((-2)/(-4)). Let c = 8 - p. Suppose -5*t - l = -22, 0 = -c*t - 2*l - l + 6. Calculate the remainder when t is divided by 3.
2
Let l(k) = k**3 - k**2 + k + 1. Suppose 4*b - 3*b + 12 = 0. Let s be (-16)/b*(-9)/(-6). What is the remainder when 12 is divided by l(s)?
5
Suppose 0 = -6*v + 2*v - 108. What is the remainder when 21 is divided by (-306)/v + 2/3?
9
Let n = 57 + -11. Calculate the remainder when n is divided by 24.
22
Let p(s) = 3*s**2 + s - 3*s**2 - 2*s + 4 + s**2. What is the remainder when 10 is divided by p(0)?
2
Let x be (3 - (-30)/(-9))*-27. What is the remainder when 249/x + (-4)/6 is divided by 14?
13
Suppose -4 - 32 = -3*o. What is the remainder when 69 is divided by o?
9
Suppose 4*v = 5*s + 104, 4*v - 48 = -2*s + 28. Calculate the remainder when 62 is divided by v.
20
Suppose -4*g + 3*v = -96 - 179, -5*g = -5*v - 350. Calculate the remainder when g is divided by (-6)/9*-3*11.
21
Let c = 46 + 77. What is the remainder when c is divided by 25?
23
Let g(j) = -j**3 - 7*j**2 + 2. What is the remainder when g(-7) is divided by 2?
0
Let z = 11 + 12. Calculate the remainder when 91 is divided by z.
22
Suppose 0 = 2*p + b - 56, -4*p = 4*b - b - 108. Suppose 4*d - d = p. Calculate the remainder when (2/(-4))/(2/(-72)) is divided by d.
8
Suppose -2*p = -4*t - 110, 3*p = -2*t + p - 58. Let y = t + 41. Calculate the remainder when 36 is divided by y.
10
Let a = -6 + 19. Let r = a - 0. Suppose 4*o + 2*t - 14 = 132, 0 = o + 4*t - 26. Calculate the remainder when o is divided by r.
12
Suppose 4 + 8 = 3*h. Suppose -5*v + 57 = 2*s, 2*v - 3*s = 2*s + 46. Calculate the remainder when v is divided by h.
1
Let l = -40 - -8. Suppose 0 = 5*h - 59 - 91. What is the remainder when h is divided by (18/12)/((-3)/l)?
14
Suppose h = 3*g - 9 - 0, h + 14 = 4*g. What is the remainder when 21 is divided by h/5*5*2?
9
Let m = 36 - 26. Calculate the remainder when m is divided by 6.
4
Suppose -5*y + 100 = -y. What is the remainder when 99 is divided by y?
24
Suppose 0*s = 4*s - 12. Suppose 20 = 5*q + s*u - 104, 5*u = -4*q + 107. Let r(k) = 34*k. What is the remainder when r(2) is divided by q?
22
Suppose -2*l = 2*a - 4, -2*a + 3*l + 9 = -0*l. What is the remainder when 31/a + (-6)/(-9) is divided by ((-17)/51)/(2/(-18))?
2
Let o = 6 + -4. Calculate the remainder when 424/36 + o/9 is divided by 3.
0
Suppose -5*w + 5*v + 237 = 2*v, -5*v + 149 = 3*w. Calculate the remainder when w is divided by 13.
9
Suppose -63 = -3*i + 4*j - 1, 2*j - 2 = 0. Calculate the remainder when 674/8 + (-2)/(32/(-12)) is divided by i.
19
Let t = 14 + -2. Suppose -3*u = 2*u - 15. Suppose -2*s = y - 43, y + 5*s + 50 = u*y. What is the remainder when y is divided by t?
11
Let x(f) = f**2 - 3*f - 20. Calculate the remainder when 67 is divided by x(9).
33
Suppose d + 48 + 2 = -5*v, 3*v = -15. Let a = d + 41. Calculate the remainder when 47 is divided by a.
15
Let o(u) = -3*u. Let n be o(-1). Suppose 138 + 237 = n*s. Suppose -3*l + s = 2*l. Calculate the remainder when l is divided by 9.
7
Let t = 2 + 0. Let a = -23 + 32. What is the remainder when 16 + 0*t/6 is divided by a?
7
Let h be (-4)/26 - 120/65. Let w(l) = -2*l - 4 + 4*l + 2*l**2 + 2. What is the remainder when 3 is divided by w(h)?
1
Suppose -5*d = -2*f + 14, -5*f = -4*d - 1 - 17. What is the remainder when 13 is divided by 2/(0 + d/(-4))?
1
Suppose 0*s + 2*s - 8 = 0. Suppose -245 = i + s*i. Let g = 75 + i. Calculate the remainder when g is divided by 7.
5
Let z = 69 + -4. Let h(s) = s**2 + 7*s + 9. What is the remainder when z is divided by h(-8)?
14
Let y(g) = -131*g**3 + 3*g**2 + 3*g + 1. Calculate the remainder when y(-1) is divided by 19.
18
Suppose 2*h - 2*t - 6 = 40, -t = 4*h - 102. Suppose 3*p - h = 3*c - 85, 5*c - 70 = -p. What is the remainder when 27 is divided by c?
12
Let n = -4 - -16. Suppose w - 2*z = n, -3*w + z + 4*z = -39. Suppose -10 = 2*d, -u - 45 = -2*u + 2*d. What is the remainder when u is divided by w?
17
Suppose 3*o - 41 = -8. Let i = 7 + 13. What is the remainder when i is divided by o?
9
Calculate the remainder when (-8)/24 + 656/6 is divided by 37.
35
Let o = 9 + -7. Suppose 3*g - 5*r = 27, -r + o - 1 = g. Suppose -4*z - 13 = -3*k + 18, -2*z + 43 = 5*k. Calculate the remainder when k is divided by g.
1
Let a = -8 - -11. Let u = -10 - -20. What is the remainder when u is divided by a?
1
Suppose i + 5*l = -4, -4*i + 39 = -2*l - 33. What is the remainder when i is divided by (1/(2 + -3))/(1/(-9))?
7
Let b = 144 + -142. What is the remainder when 11 is divided by b?
1
Suppose -5*b = 4*u - 86, 0 = -0*u + 5*u - 4*b - 87. What is the remainder when u is divided by 7?
5
Calculate the remainder when 31 + 2*(1 + -2) is divided by (-3)/12 - (-122)/8.
14
Let n = 11 + 37. Suppose 5*v - 42 = n. Calculate the remainder when 44 is divided by 60/18*v/4.
14
Let w = -39 - -46. What is the remainder when w is divided by 4?
3
Suppose d = -2*d - 5*r + 126, -3*d + 117 = 2*r. Suppose -152 + d = -5*s. What is the remainder when s is divided by 6?
5
Let f(x) = -x**2 + x + 1. Let n(o) = -9*o**2 + o + 4. Let t(w) = 6*f(w) - n(w). Suppose 8*i - 3*i = 200. What is the remainder when i is divided by t(-3)?
12
Let h = 25 + -11. What is the remainder when h is divided by 6?
2
Let h(u) = -u**2 - 4*u + 13. Let f(s) = s + 1. Let j(a) = -4*f(a) + h(a). What is the remainder when j(-7) is divided by 6?
4
Let j = 10 - 6. Suppose 0 = -j*h - 26 + 114. What is the remainder when h is divided by 12 + (0 + 1 - 1)?
10
Let c = 20 - -13. Suppose -5*s + c = -17. Suppose -7*p + 12*p - 20 = 0. What is the remainder when s is divided by p?
2
Suppose -3*d = q - 33, 11 = d - 0*d + 3*q. Let m = 3 + -3. Suppose -5*a + 70 + 35 = m. Calculate the remainder when a is divided by d.
10
Let u be 16/(-3)*60/(-16). Suppose 4*n = u + 4. What is th